{"id":2532,"date":"2025-02-17T16:59:15","date_gmt":"2025-02-17T16:59:15","guid":{"rendered":"https:\/\/geoparktransmanche.org\/?post_type=ek_event&#038;p=2532"},"modified":"2025-02-17T17:02:03","modified_gmt":"2025-02-17T17:02:03","slug":"le-grand-enregistrement-vallee-de-la-darent","status":"publish","type":"ek_event","link":"https:\/\/geoparktransmanche.org\/fr\/events\/le-grand-enregistrement-vallee-de-la-darent\/","title":{"rendered":"Le Grand Enregistrement : Vall\u00e9e de la Darent"},"content":{"rendered":"","protected":false},"excerpt":{"rendered":"<p>Plongez dans l&rsquo;univers sonore de la Vall\u00e9e de la Darent avec Le Grand Enregistrement : Vall\u00e9e de la Darent, une \u0153uvre audio immersive r\u00e9alis\u00e9e par l&rsquo;artiste sonore Paul Cheese.<\/p>\n","protected":false},"featured_media":1664,"template":"","class_list":["post-2532","ek_event","type-ek_event","status-publish","has-post-thumbnail","hentry","ek_town-darenth-fr","ek_theme-arts-et-artisanat","ek_theme-samuser-en-famille"],"acf":[],"yoast_head":"<!-- This site is optimized with the Yoast SEO plugin v27.5 - https:\/\/yoast.com\/product\/yoast-seo-wordpress\/ -->\n<title>Le Grand Enregistrement : Vall\u00e9e de la Darent | Geopark Transmanche<\/title>\n<meta name=\"robots\" content=\"index, follow, max-snippet:-1, max-image-preview:large, max-video-preview:-1\" \/>\n<link rel=\"canonical\" href=\"https:\/\/geoparktransmanche.org\/fr\/events\/le-grand-enregistrement-vallee-de-la-darent\/\" \/>\n<meta property=\"og:locale\" content=\"fr_FR\" \/>\n<meta property=\"og:type\" content=\"article\" \/>\n<meta property=\"og:title\" content=\"Le Grand Enregistrement : Vall\u00e9e de la Darent | Geopark Transmanche\" \/>\n<meta property=\"og:description\" content=\"Plongez dans l&#039;univers sonore de la Vall\u00e9e de la Darent avec Le Grand Enregistrement : Vall\u00e9e de la Darent, une \u0153uvre audio immersive r\u00e9alis\u00e9e par l&#039;artiste sonore Paul Cheese.\" \/>\n<meta property=\"og:url\" content=\"https:\/\/geoparktransmanche.org\/fr\/events\/le-grand-enregistrement-vallee-de-la-darent\/\" \/>\n<meta property=\"og:site_name\" content=\"Geopark Transmanche\" \/>\n<meta property=\"article:publisher\" content=\"https:\/\/www.facebook.com\/geoparktransmanche\" \/>\n<meta property=\"article:modified_time\" content=\"2025-02-17T17:02:03+00:00\" \/>\n<meta property=\"og:image\" content=\"https:\/\/geoparktransmanche.org\/wp-content\/uploads\/2024\/10\/53320509410_826ff40b43_k-aspect-ratio-1920-730.jpg\" \/>\n\t<meta property=\"og:image:width\" content=\"1920\" \/>\n\t<meta property=\"og:image:height\" content=\"730\" \/>\n\t<meta property=\"og:image:type\" content=\"image\/jpeg\" \/>\n<meta name=\"twitter:card\" content=\"summary_large_image\" \/>\n<meta name=\"twitter:label1\" content=\"Dur\u00e9e de lecture estim\u00e9e\" \/>\n\t<meta name=\"twitter:data1\" content=\"2 minutes\" \/>\n<script type=\"application\/ld+json\" class=\"yoast-schema-graph\">{\"@context\":\"https:\\\/\\\/schema.org\",\"@graph\":[{\"@type\":\"WebPage\",\"@id\":\"https:\\\/\\\/geoparktransmanche.org\\\/fr\\\/events\\\/le-grand-enregistrement-vallee-de-la-darent\\\/\",\"url\":\"https:\\\/\\\/geoparktransmanche.org\\\/fr\\\/events\\\/le-grand-enregistrement-vallee-de-la-darent\\\/\",\"name\":\"Le Grand Enregistrement : Vall\u00e9e de la Darent | Geopark Transmanche\",\"isPartOf\":{\"@id\":\"https:\\\/\\\/geoparktransmanche.org\\\/fr\\\/#website\"},\"primaryImageOfPage\":{\"@id\":\"https:\\\/\\\/geoparktransmanche.org\\\/fr\\\/events\\\/le-grand-enregistrement-vallee-de-la-darent\\\/#primaryimage\"},\"image\":{\"@id\":\"https:\\\/\\\/geoparktransmanche.org\\\/fr\\\/events\\\/le-grand-enregistrement-vallee-de-la-darent\\\/#primaryimage\"},\"thumbnailUrl\":\"https:\\\/\\\/geoparktransmanche.org\\\/wp-content\\\/uploads\\\/2024\\\/10\\\/53320509410_826ff40b43_k-aspect-ratio-1920-730.jpg\",\"datePublished\":\"2025-02-17T16:59:15+00:00\",\"dateModified\":\"2025-02-17T17:02:03+00:00\",\"breadcrumb\":{\"@id\":\"https:\\\/\\\/geoparktransmanche.org\\\/fr\\\/events\\\/le-grand-enregistrement-vallee-de-la-darent\\\/#breadcrumb\"},\"inLanguage\":\"fr-FR\",\"potentialAction\":[{\"@type\":\"ReadAction\",\"target\":[\"https:\\\/\\\/geoparktransmanche.org\\\/fr\\\/events\\\/le-grand-enregistrement-vallee-de-la-darent\\\/\"]}]},{\"@type\":\"ImageObject\",\"inLanguage\":\"fr-FR\",\"@id\":\"https:\\\/\\\/geoparktransmanche.org\\\/fr\\\/events\\\/le-grand-enregistrement-vallee-de-la-darent\\\/#primaryimage\",\"url\":\"https:\\\/\\\/geoparktransmanche.org\\\/wp-content\\\/uploads\\\/2024\\\/10\\\/53320509410_826ff40b43_k-aspect-ratio-1920-730.jpg\",\"contentUrl\":\"https:\\\/\\\/geoparktransmanche.org\\\/wp-content\\\/uploads\\\/2024\\\/10\\\/53320509410_826ff40b43_k-aspect-ratio-1920-730.jpg\",\"width\":1920,\"height\":730,\"caption\":\"A tranquil forest scene featuring a shallow, clear stream winding through dense green foliage and tall trees. Smooth stones and pebbles are visible beneath the water, while ivy-covered trunks and vibrant greenery add to the serene, natural atmosphere.\"},{\"@type\":\"BreadcrumbList\",\"@id\":\"https:\\\/\\\/geoparktransmanche.org\\\/fr\\\/events\\\/le-grand-enregistrement-vallee-de-la-darent\\\/#breadcrumb\",\"itemListElement\":[{\"@type\":\"ListItem\",\"position\":1,\"name\":\"Domicile\",\"item\":\"https:\\\/\\\/geoparktransmanche.org\\\/fr\\\/\"},{\"@type\":\"ListItem\",\"position\":2,\"name\":\"Agenda\",\"item\":\"https:\\\/\\\/geoparktransmanche.org\\\/fr\\\/events\\\/\"},{\"@type\":\"ListItem\",\"position\":3,\"name\":\"Le Grand Enregistrement : Vall\u00e9e de la Darent\"}]},{\"@type\":\"WebSite\",\"@id\":\"https:\\\/\\\/geoparktransmanche.org\\\/fr\\\/#website\",\"url\":\"https:\\\/\\\/geoparktransmanche.org\\\/fr\\\/\",\"name\":\"Geopark Transmanche\",\"description\":\"\",\"potentialAction\":[{\"@type\":\"SearchAction\",\"target\":{\"@type\":\"EntryPoint\",\"urlTemplate\":\"https:\\\/\\\/geoparktransmanche.org\\\/fr\\\/?s={search_term_string}\"},\"query-input\":{\"@type\":\"PropertyValueSpecification\",\"valueRequired\":true,\"valueName\":\"search_term_string\"}}],\"inLanguage\":\"fr-FR\"}]}<\/script>\n<!-- \/ Yoast SEO plugin. -->","yoast_head_json":{"title":"Le Grand Enregistrement : Vall\u00e9e de la Darent | Geopark Transmanche","robots":{"index":"index","follow":"follow","max-snippet":"max-snippet:-1","max-image-preview":"max-image-preview:large","max-video-preview":"max-video-preview:-1"},"canonical":"https:\/\/geoparktransmanche.org\/fr\/events\/le-grand-enregistrement-vallee-de-la-darent\/","og_locale":"fr_FR","og_type":"article","og_title":"Le Grand Enregistrement : Vall\u00e9e de la Darent | Geopark Transmanche","og_description":"Plongez dans l'univers sonore de la Vall\u00e9e de la Darent avec Le Grand Enregistrement : Vall\u00e9e de la Darent, une \u0153uvre audio immersive r\u00e9alis\u00e9e par l'artiste sonore Paul Cheese.","og_url":"https:\/\/geoparktransmanche.org\/fr\/events\/le-grand-enregistrement-vallee-de-la-darent\/","og_site_name":"Geopark Transmanche","article_publisher":"https:\/\/www.facebook.com\/geoparktransmanche","article_modified_time":"2025-02-17T17:02:03+00:00","og_image":[{"width":1920,"height":730,"url":"https:\/\/geoparktransmanche.org\/wp-content\/uploads\/2024\/10\/53320509410_826ff40b43_k-aspect-ratio-1920-730.jpg","type":"image\/jpeg"}],"twitter_card":"summary_large_image","twitter_misc":{"Dur\u00e9e de lecture estim\u00e9e":"2 minutes"},"schema":{"@context":"https:\/\/schema.org","@graph":[{"@type":"WebPage","@id":"https:\/\/geoparktransmanche.org\/fr\/events\/le-grand-enregistrement-vallee-de-la-darent\/","url":"https:\/\/geoparktransmanche.org\/fr\/events\/le-grand-enregistrement-vallee-de-la-darent\/","name":"Le Grand Enregistrement : Vall\u00e9e de la Darent | Geopark Transmanche","isPartOf":{"@id":"https:\/\/geoparktransmanche.org\/fr\/#website"},"primaryImageOfPage":{"@id":"https:\/\/geoparktransmanche.org\/fr\/events\/le-grand-enregistrement-vallee-de-la-darent\/#primaryimage"},"image":{"@id":"https:\/\/geoparktransmanche.org\/fr\/events\/le-grand-enregistrement-vallee-de-la-darent\/#primaryimage"},"thumbnailUrl":"https:\/\/geoparktransmanche.org\/wp-content\/uploads\/2024\/10\/53320509410_826ff40b43_k-aspect-ratio-1920-730.jpg","datePublished":"2025-02-17T16:59:15+00:00","dateModified":"2025-02-17T17:02:03+00:00","breadcrumb":{"@id":"https:\/\/geoparktransmanche.org\/fr\/events\/le-grand-enregistrement-vallee-de-la-darent\/#breadcrumb"},"inLanguage":"fr-FR","potentialAction":[{"@type":"ReadAction","target":["https:\/\/geoparktransmanche.org\/fr\/events\/le-grand-enregistrement-vallee-de-la-darent\/"]}]},{"@type":"ImageObject","inLanguage":"fr-FR","@id":"https:\/\/geoparktransmanche.org\/fr\/events\/le-grand-enregistrement-vallee-de-la-darent\/#primaryimage","url":"https:\/\/geoparktransmanche.org\/wp-content\/uploads\/2024\/10\/53320509410_826ff40b43_k-aspect-ratio-1920-730.jpg","contentUrl":"https:\/\/geoparktransmanche.org\/wp-content\/uploads\/2024\/10\/53320509410_826ff40b43_k-aspect-ratio-1920-730.jpg","width":1920,"height":730,"caption":"A tranquil forest scene featuring a shallow, clear stream winding through dense green foliage and tall trees. Smooth stones and pebbles are visible beneath the water, while ivy-covered trunks and vibrant greenery add to the serene, natural atmosphere."},{"@type":"BreadcrumbList","@id":"https:\/\/geoparktransmanche.org\/fr\/events\/le-grand-enregistrement-vallee-de-la-darent\/#breadcrumb","itemListElement":[{"@type":"ListItem","position":1,"name":"Domicile","item":"https:\/\/geoparktransmanche.org\/fr\/"},{"@type":"ListItem","position":2,"name":"Agenda","item":"https:\/\/geoparktransmanche.org\/fr\/events\/"},{"@type":"ListItem","position":3,"name":"Le Grand Enregistrement : Vall\u00e9e de la Darent"}]},{"@type":"WebSite","@id":"https:\/\/geoparktransmanche.org\/fr\/#website","url":"https:\/\/geoparktransmanche.org\/fr\/","name":"Geopark Transmanche","description":"","potentialAction":[{"@type":"SearchAction","target":{"@type":"EntryPoint","urlTemplate":"https:\/\/geoparktransmanche.org\/fr\/?s={search_term_string}"},"query-input":{"@type":"PropertyValueSpecification","valueRequired":true,"valueName":"search_term_string"}}],"inLanguage":"fr-FR"}]}},"_links":{"self":[{"href":"https:\/\/geoparktransmanche.org\/fr\/wp-json\/wp\/v2\/ek_event\/2532","targetHints":{"allow":["GET"]}}],"collection":[{"href":"https:\/\/geoparktransmanche.org\/fr\/wp-json\/wp\/v2\/ek_event"}],"about":[{"href":"https:\/\/geoparktransmanche.org\/fr\/wp-json\/wp\/v2\/types\/ek_event"}],"version-history":[{"count":1,"href":"https:\/\/geoparktransmanche.org\/fr\/wp-json\/wp\/v2\/ek_event\/2532\/revisions"}],"predecessor-version":[{"id":2535,"href":"https:\/\/geoparktransmanche.org\/fr\/wp-json\/wp\/v2\/ek_event\/2532\/revisions\/2535"}],"wp:featuredmedia":[{"embeddable":true,"href":"https:\/\/geoparktransmanche.org\/fr\/wp-json\/wp\/v2\/media\/1664"}],"wp:attachment":[{"href":"https:\/\/geoparktransmanche.org\/fr\/wp-json\/wp\/v2\/media?parent=2532"}],"curies":[{"name":"wp","href":"https:\/\/api.w.org\/{rel}","templated":true}]}}

Le Grand Enregistrement : Vallée de la Darent

<p>Plongez dans l&rsquo;univers sonore de la Vallée de la Darent avec Le Grand Enregistrement : Vallée de la Darent, une œuvre audio immersive réalisée par l&rsquo;artiste sonore Paul Cheese.</p>

<!-- This site is optimized with the Yoast SEO plugin v27.5 - https://yoast.com/product/yoast-seo-wordpress/ -->
<title>Le Grand Enregistrement : Vallée de la Darent | Geopark Transmanche</title>
<meta name="robots" content="index, follow, max-snippet:-1, max-image-preview:large, max-video-preview:-1" />
<link rel="canonical" href="https://geoparktransmanche.org/fr/events/le-grand-enregistrement-vallee-de-la-darent/" />
<meta property="og:locale" content="fr_FR" />
<meta property="og:type" content="article" />
<meta property="og:title" content="Le Grand Enregistrement : Vallée de la Darent | Geopark Transmanche" />
<meta property="og:description" content="Plongez dans l&#039;univers sonore de la Vallée de la Darent avec Le Grand Enregistrement : Vallée de la Darent, une œuvre audio immersive réalisée par l&#039;artiste sonore Paul Cheese." />
<meta property="og:url" content="https://geoparktransmanche.org/fr/events/le-grand-enregistrement-vallee-de-la-darent/" />
<meta property="og:site_name" content="Geopark Transmanche" />
<meta property="article:publisher" content="https://www.facebook.com/geoparktransmanche" />
<meta property="article:modified_time" content="2025-02-17T17:02:03+00:00" />
<meta property="og:image" content="https://geoparktransmanche.org/wp-content/uploads/2024/10/53320509410_826ff40b43_k-aspect-ratio-1920-730.jpg" />
	<meta property="og:image:width" content="1920" />
	<meta property="og:image:height" content="730" />
	<meta property="og:image:type" content="image/jpeg" />
<meta name="twitter:card" content="summary_large_image" />
<meta name="twitter:label1" content="Durée de lecture estimée" />
	<meta name="twitter:data1" content="2 minutes" />
<script type="application/ld+json" class="yoast-schema-graph">{"@context":"https:\/\/schema.org","@graph":[{"@type":"WebPage","@id":"https:\/\/geoparktransmanche.org\/fr\/events\/le-grand-enregistrement-vallee-de-la-darent\/","url":"https:\/\/geoparktransmanche.org\/fr\/events\/le-grand-enregistrement-vallee-de-la-darent\/","name":"Le Grand Enregistrement : Vallée de la Darent | Geopark Transmanche","isPartOf":{"@id":"https:\/\/geoparktransmanche.org\/fr\/#website"},"primaryImageOfPage":{"@id":"https:\/\/geoparktransmanche.org\/fr\/events\/le-grand-enregistrement-vallee-de-la-darent\/#primaryimage"},"image":{"@id":"https:\/\/geoparktransmanche.org\/fr\/events\/le-grand-enregistrement-vallee-de-la-darent\/#primaryimage"},"thumbnailUrl":"https:\/\/geoparktransmanche.org\/wp-content\/uploads\/2024\/10\/53320509410_826ff40b43_k-aspect-ratio-1920-730.jpg","datePublished":"2025-02-17T16:59:15+00:00","dateModified":"2025-02-17T17:02:03+00:00","breadcrumb":{"@id":"https:\/\/geoparktransmanche.org\/fr\/events\/le-grand-enregistrement-vallee-de-la-darent\/#breadcrumb"},"inLanguage":"fr-FR","potentialAction":[{"@type":"ReadAction","target":["https:\/\/geoparktransmanche.org\/fr\/events\/le-grand-enregistrement-vallee-de-la-darent\/"]}]},{"@type":"ImageObject","inLanguage":"fr-FR","@id":"https:\/\/geoparktransmanche.org\/fr\/events\/le-grand-enregistrement-vallee-de-la-darent\/#primaryimage","url":"https:\/\/geoparktransmanche.org\/wp-content\/uploads\/2024\/10\/53320509410_826ff40b43_k-aspect-ratio-1920-730.jpg","contentUrl":"https:\/\/geoparktransmanche.org\/wp-content\/uploads\/2024\/10\/53320509410_826ff40b43_k-aspect-ratio-1920-730.jpg","width":1920,"height":730,"caption":"A tranquil forest scene featuring a shallow, clear stream winding through dense green foliage and tall trees. Smooth stones and pebbles are visible beneath the water, while ivy-covered trunks and vibrant greenery add to the serene, natural atmosphere."},{"@type":"BreadcrumbList","@id":"https:\/\/geoparktransmanche.org\/fr\/events\/le-grand-enregistrement-vallee-de-la-darent\/#breadcrumb","itemListElement":[{"@type":"ListItem","position":1,"name":"Domicile","item":"https:\/\/geoparktransmanche.org\/fr\/"},{"@type":"ListItem","position":2,"name":"Agenda","item":"https:\/\/geoparktransmanche.org\/fr\/events\/"},{"@type":"ListItem","position":3,"name":"Le Grand Enregistrement : Vallée de la Darent"}]},{"@type":"WebSite","@id":"https:\/\/geoparktransmanche.org\/fr\/#website","url":"https:\/\/geoparktransmanche.org\/fr\/","name":"Geopark Transmanche","description":"","potentialAction":[{"@type":"SearchAction","target":{"@type":"EntryPoint","urlTemplate":"https:\/\/geoparktransmanche.org\/fr\/?s={search_term_string}"},"query-input":{"@type":"PropertyValueSpecification","valueRequired":true,"valueName":"search_term_string"}}],"inLanguage":"fr-FR"}]}</script>
<!-- / Yoast SEO plugin. -->

Le Grand Enregistrement : Vallée de la Darent | Geopark Transmanche

Plongez dans l'univers sonore de la Vallée de la Darent avec Le Grand Enregistrement : Vallée de la Darent, une œuvre audio immersive réalisée par l'artiste sonore Paul Cheese.
