{"id":2603,"date":"2025-02-17T19:55:25","date_gmt":"2025-02-17T19:55:25","guid":{"rendered":"https:\/\/geoparktransmanche.org\/?post_type=ek_event&#038;p=2603"},"modified":"2025-02-17T19:55:25","modified_gmt":"2025-02-17T19:55:25","slug":"exposition-les-paysages-carriers-par-pierre-peckeu","status":"publish","type":"ek_event","link":"https:\/\/geoparktransmanche.org\/fr\/events\/exposition-les-paysages-carriers-par-pierre-peckeu\/","title":{"rendered":"Exposition &#8211; les paysages carriers par Pierre Peckeu"},"content":{"rendered":"","protected":false},"excerpt":{"rendered":"<p>Aquarelliste bien connu du territoire, Pierre Peckeu, entretient une relation privil\u00e9gi\u00e9e avec les Carri\u00e8res de la Vall\u00e9e Heureuse. Cette rencontre entre l\u2019artiste, sa pratique et la carri\u00e8re a donn\u00e9 lieu \u00e0 la cr\u00e9ation d\u2019une s\u00e9rie cons\u00e9quente d\u2019\u0153uvres qui t\u00e9moigne par touches subtiles de la diversit\u00e9 des ambiances du site d\u2019exploitation.<\/p>\n","protected":false},"featured_media":2608,"template":"","class_list":["post-2603","ek_event","type-ek_event","status-publish","has-post-thumbnail","hentry","ek_town-le-wast","ek_theme-arts-et-artisanat","ek_theme-culture-et-patrimoine"],"acf":[],"yoast_head":"<!-- This site is optimized with the Yoast SEO plugin v27.5 - https:\/\/yoast.com\/product\/yoast-seo-wordpress\/ -->\n<title>Exposition - les paysages carriers par Pierre Peckeu | Geopark Transmanche<\/title>\n<meta name=\"robots\" content=\"index, follow, max-snippet:-1, max-image-preview:large, max-video-preview:-1\" \/>\n<link rel=\"canonical\" href=\"https:\/\/geoparktransmanche.org\/fr\/events\/exposition-les-paysages-carriers-par-pierre-peckeu\/\" \/>\n<meta property=\"og:locale\" content=\"fr_FR\" \/>\n<meta property=\"og:type\" content=\"article\" \/>\n<meta property=\"og:title\" content=\"Exposition - les paysages carriers par Pierre Peckeu | Geopark Transmanche\" \/>\n<meta property=\"og:description\" content=\"Aquarelliste bien connu du territoire, Pierre Peckeu, entretient une relation privil\u00e9gi\u00e9e avec les Carri\u00e8res de la Vall\u00e9e Heureuse. Cette rencontre entre l\u2019artiste, sa pratique et la carri\u00e8re a donn\u00e9 lieu \u00e0 la cr\u00e9ation d\u2019une s\u00e9rie cons\u00e9quente d\u2019\u0153uvres qui t\u00e9moigne par touches subtiles de la diversit\u00e9 des ambiances du site d\u2019exploitation.\" \/>\n<meta property=\"og:url\" content=\"https:\/\/geoparktransmanche.org\/fr\/events\/exposition-les-paysages-carriers-par-pierre-peckeu\/\" \/>\n<meta property=\"og:site_name\" content=\"Geopark Transmanche\" \/>\n<meta property=\"article:publisher\" content=\"https:\/\/www.facebook.com\/geoparktransmanche\" \/>\n<meta property=\"og:image\" content=\"https:\/\/geoparktransmanche.org\/wp-content\/uploads\/2025\/02\/Bassin-carrier-terre-daventure-feed-FB-avec-programme_page-0009-min-1-scaled.jpg\" \/>\n\t<meta property=\"og:image:width\" content=\"2048\" \/>\n\t<meta property=\"og:image:height\" content=\"2560\" \/>\n\t<meta property=\"og:image:type\" content=\"image\/jpeg\" \/>\n<meta name=\"twitter:card\" content=\"summary_large_image\" \/>\n<meta name=\"twitter:label1\" content=\"Dur\u00e9e de lecture estim\u00e9e\" \/>\n\t<meta name=\"twitter:data1\" content=\"1 minute\" \/>\n<script type=\"application\/ld+json\" class=\"yoast-schema-graph\">{\"@context\":\"https:\\\/\\\/schema.org\",\"@graph\":[{\"@type\":\"WebPage\",\"@id\":\"https:\\\/\\\/geoparktransmanche.org\\\/fr\\\/events\\\/exposition-les-paysages-carriers-par-pierre-peckeu\\\/\",\"url\":\"https:\\\/\\\/geoparktransmanche.org\\\/fr\\\/events\\\/exposition-les-paysages-carriers-par-pierre-peckeu\\\/\",\"name\":\"Exposition - les paysages carriers par Pierre Peckeu | Geopark Transmanche\",\"isPartOf\":{\"@id\":\"https:\\\/\\\/geoparktransmanche.org\\\/fr\\\/#website\"},\"primaryImageOfPage\":{\"@id\":\"https:\\\/\\\/geoparktransmanche.org\\\/fr\\\/events\\\/exposition-les-paysages-carriers-par-pierre-peckeu\\\/#primaryimage\"},\"image\":{\"@id\":\"https:\\\/\\\/geoparktransmanche.org\\\/fr\\\/events\\\/exposition-les-paysages-carriers-par-pierre-peckeu\\\/#primaryimage\"},\"thumbnailUrl\":\"https:\\\/\\\/geoparktransmanche.org\\\/wp-content\\\/uploads\\\/2025\\\/02\\\/Bassin-carrier-terre-daventure-feed-FB-avec-programme_page-0009-min-1-scaled.jpg\",\"datePublished\":\"2025-02-17T19:55:25+00:00\",\"breadcrumb\":{\"@id\":\"https:\\\/\\\/geoparktransmanche.org\\\/fr\\\/events\\\/exposition-les-paysages-carriers-par-pierre-peckeu\\\/#breadcrumb\"},\"inLanguage\":\"fr-FR\",\"potentialAction\":[{\"@type\":\"ReadAction\",\"target\":[\"https:\\\/\\\/geoparktransmanche.org\\\/fr\\\/events\\\/exposition-les-paysages-carriers-par-pierre-peckeu\\\/\"]}]},{\"@type\":\"ImageObject\",\"inLanguage\":\"fr-FR\",\"@id\":\"https:\\\/\\\/geoparktransmanche.org\\\/fr\\\/events\\\/exposition-les-paysages-carriers-par-pierre-peckeu\\\/#primaryimage\",\"url\":\"https:\\\/\\\/geoparktransmanche.org\\\/wp-content\\\/uploads\\\/2025\\\/02\\\/Bassin-carrier-terre-daventure-feed-FB-avec-programme_page-0009-min-1-scaled.jpg\",\"contentUrl\":\"https:\\\/\\\/geoparktransmanche.org\\\/wp-content\\\/uploads\\\/2025\\\/02\\\/Bassin-carrier-terre-daventure-feed-FB-avec-programme_page-0009-min-1-scaled.jpg\",\"width\":2048,\"height\":2560,\"caption\":\"Bassin Carrier Terre D'aventure Feed FB Avec Programme Page 0009 Min\"},{\"@type\":\"BreadcrumbList\",\"@id\":\"https:\\\/\\\/geoparktransmanche.org\\\/fr\\\/events\\\/exposition-les-paysages-carriers-par-pierre-peckeu\\\/#breadcrumb\",\"itemListElement\":[{\"@type\":\"ListItem\",\"position\":1,\"name\":\"Domicile\",\"item\":\"https:\\\/\\\/geoparktransmanche.org\\\/fr\\\/\"},{\"@type\":\"ListItem\",\"position\":2,\"name\":\"Agenda\",\"item\":\"https:\\\/\\\/geoparktransmanche.org\\\/fr\\\/events\\\/\"},{\"@type\":\"ListItem\",\"position\":3,\"name\":\"Exposition &#8211; les paysages carriers par Pierre Peckeu\"}]},{\"@type\":\"WebSite\",\"@id\":\"https:\\\/\\\/geoparktransmanche.org\\\/fr\\\/#website\",\"url\":\"https:\\\/\\\/geoparktransmanche.org\\\/fr\\\/\",\"name\":\"Geopark Transmanche\",\"description\":\"\",\"potentialAction\":[{\"@type\":\"SearchAction\",\"target\":{\"@type\":\"EntryPoint\",\"urlTemplate\":\"https:\\\/\\\/geoparktransmanche.org\\\/fr\\\/?s={search_term_string}\"},\"query-input\":{\"@type\":\"PropertyValueSpecification\",\"valueRequired\":true,\"valueName\":\"search_term_string\"}}],\"inLanguage\":\"fr-FR\"}]}<\/script>\n<!-- \/ Yoast SEO plugin. -->","yoast_head_json":{"title":"Exposition - les paysages carriers par Pierre Peckeu | Geopark Transmanche","robots":{"index":"index","follow":"follow","max-snippet":"max-snippet:-1","max-image-preview":"max-image-preview:large","max-video-preview":"max-video-preview:-1"},"canonical":"https:\/\/geoparktransmanche.org\/fr\/events\/exposition-les-paysages-carriers-par-pierre-peckeu\/","og_locale":"fr_FR","og_type":"article","og_title":"Exposition - les paysages carriers par Pierre Peckeu | Geopark Transmanche","og_description":"Aquarelliste bien connu du territoire, Pierre Peckeu, entretient une relation privil\u00e9gi\u00e9e avec les Carri\u00e8res de la Vall\u00e9e Heureuse. Cette rencontre entre l\u2019artiste, sa pratique et la carri\u00e8re a donn\u00e9 lieu \u00e0 la cr\u00e9ation d\u2019une s\u00e9rie cons\u00e9quente d\u2019\u0153uvres qui t\u00e9moigne par touches subtiles de la diversit\u00e9 des ambiances du site d\u2019exploitation.","og_url":"https:\/\/geoparktransmanche.org\/fr\/events\/exposition-les-paysages-carriers-par-pierre-peckeu\/","og_site_name":"Geopark Transmanche","article_publisher":"https:\/\/www.facebook.com\/geoparktransmanche","og_image":[{"width":2048,"height":2560,"url":"https:\/\/geoparktransmanche.org\/wp-content\/uploads\/2025\/02\/Bassin-carrier-terre-daventure-feed-FB-avec-programme_page-0009-min-1-scaled.jpg","type":"image\/jpeg"}],"twitter_card":"summary_large_image","twitter_misc":{"Dur\u00e9e de lecture estim\u00e9e":"1 minute"},"schema":{"@context":"https:\/\/schema.org","@graph":[{"@type":"WebPage","@id":"https:\/\/geoparktransmanche.org\/fr\/events\/exposition-les-paysages-carriers-par-pierre-peckeu\/","url":"https:\/\/geoparktransmanche.org\/fr\/events\/exposition-les-paysages-carriers-par-pierre-peckeu\/","name":"Exposition - les paysages carriers par Pierre Peckeu | Geopark Transmanche","isPartOf":{"@id":"https:\/\/geoparktransmanche.org\/fr\/#website"},"primaryImageOfPage":{"@id":"https:\/\/geoparktransmanche.org\/fr\/events\/exposition-les-paysages-carriers-par-pierre-peckeu\/#primaryimage"},"image":{"@id":"https:\/\/geoparktransmanche.org\/fr\/events\/exposition-les-paysages-carriers-par-pierre-peckeu\/#primaryimage"},"thumbnailUrl":"https:\/\/geoparktransmanche.org\/wp-content\/uploads\/2025\/02\/Bassin-carrier-terre-daventure-feed-FB-avec-programme_page-0009-min-1-scaled.jpg","datePublished":"2025-02-17T19:55:25+00:00","breadcrumb":{"@id":"https:\/\/geoparktransmanche.org\/fr\/events\/exposition-les-paysages-carriers-par-pierre-peckeu\/#breadcrumb"},"inLanguage":"fr-FR","potentialAction":[{"@type":"ReadAction","target":["https:\/\/geoparktransmanche.org\/fr\/events\/exposition-les-paysages-carriers-par-pierre-peckeu\/"]}]},{"@type":"ImageObject","inLanguage":"fr-FR","@id":"https:\/\/geoparktransmanche.org\/fr\/events\/exposition-les-paysages-carriers-par-pierre-peckeu\/#primaryimage","url":"https:\/\/geoparktransmanche.org\/wp-content\/uploads\/2025\/02\/Bassin-carrier-terre-daventure-feed-FB-avec-programme_page-0009-min-1-scaled.jpg","contentUrl":"https:\/\/geoparktransmanche.org\/wp-content\/uploads\/2025\/02\/Bassin-carrier-terre-daventure-feed-FB-avec-programme_page-0009-min-1-scaled.jpg","width":2048,"height":2560,"caption":"Bassin Carrier Terre D'aventure Feed FB Avec Programme Page 0009 Min"},{"@type":"BreadcrumbList","@id":"https:\/\/geoparktransmanche.org\/fr\/events\/exposition-les-paysages-carriers-par-pierre-peckeu\/#breadcrumb","itemListElement":[{"@type":"ListItem","position":1,"name":"Domicile","item":"https:\/\/geoparktransmanche.org\/fr\/"},{"@type":"ListItem","position":2,"name":"Agenda","item":"https:\/\/geoparktransmanche.org\/fr\/events\/"},{"@type":"ListItem","position":3,"name":"Exposition &#8211; les paysages carriers par Pierre Peckeu"}]},{"@type":"WebSite","@id":"https:\/\/geoparktransmanche.org\/fr\/#website","url":"https:\/\/geoparktransmanche.org\/fr\/","name":"Geopark Transmanche","description":"","potentialAction":[{"@type":"SearchAction","target":{"@type":"EntryPoint","urlTemplate":"https:\/\/geoparktransmanche.org\/fr\/?s={search_term_string}"},"query-input":{"@type":"PropertyValueSpecification","valueRequired":true,"valueName":"search_term_string"}}],"inLanguage":"fr-FR"}]}},"_links":{"self":[{"href":"https:\/\/geoparktransmanche.org\/fr\/wp-json\/wp\/v2\/ek_event\/2603","targetHints":{"allow":["GET"]}}],"collection":[{"href":"https:\/\/geoparktransmanche.org\/fr\/wp-json\/wp\/v2\/ek_event"}],"about":[{"href":"https:\/\/geoparktransmanche.org\/fr\/wp-json\/wp\/v2\/types\/ek_event"}],"version-history":[{"count":1,"href":"https:\/\/geoparktransmanche.org\/fr\/wp-json\/wp\/v2\/ek_event\/2603\/revisions"}],"predecessor-version":[{"id":2610,"href":"https:\/\/geoparktransmanche.org\/fr\/wp-json\/wp\/v2\/ek_event\/2603\/revisions\/2610"}],"wp:featuredmedia":[{"embeddable":true,"href":"https:\/\/geoparktransmanche.org\/fr\/wp-json\/wp\/v2\/media\/2608"}],"wp:attachment":[{"href":"https:\/\/geoparktransmanche.org\/fr\/wp-json\/wp\/v2\/media?parent=2603"}],"curies":[{"name":"wp","href":"https:\/\/api.w.org\/{rel}","templated":true}]}}

<p>Aquarelliste bien connu du territoire, Pierre Peckeu, entretient une relation privilégiée avec les Carrières de la Vallée Heureuse. Cette rencontre entre l’artiste, sa pratique et la carrière a donné lieu à la création d’une série conséquente d’œuvres qui témoigne par touches subtiles de la diversité des ambiances du site d’exploitation.</p>

<!-- This site is optimized with the Yoast SEO plugin v27.5 - https://yoast.com/product/yoast-seo-wordpress/ -->
<title>Exposition - les paysages carriers par Pierre Peckeu | Geopark Transmanche</title>
<meta name="robots" content="index, follow, max-snippet:-1, max-image-preview:large, max-video-preview:-1" />
<link rel="canonical" href="https://geoparktransmanche.org/fr/events/exposition-les-paysages-carriers-par-pierre-peckeu/" />
<meta property="og:locale" content="fr_FR" />
<meta property="og:type" content="article" />
<meta property="og:title" content="Exposition - les paysages carriers par Pierre Peckeu | Geopark Transmanche" />
<meta property="og:description" content="Aquarelliste bien connu du territoire, Pierre Peckeu, entretient une relation privilégiée avec les Carrières de la Vallée Heureuse. Cette rencontre entre l’artiste, sa pratique et la carrière a donné lieu à la création d’une série conséquente d’œuvres qui témoigne par touches subtiles de la diversité des ambiances du site d’exploitation." />
<meta property="og:url" content="https://geoparktransmanche.org/fr/events/exposition-les-paysages-carriers-par-pierre-peckeu/" />
<meta property="og:site_name" content="Geopark Transmanche" />
<meta property="article:publisher" content="https://www.facebook.com/geoparktransmanche" />
<meta property="og:image" content="https://geoparktransmanche.org/wp-content/uploads/2025/02/Bassin-carrier-terre-daventure-feed-FB-avec-programme_page-0009-min-1-scaled.jpg" />
	<meta property="og:image:width" content="2048" />
	<meta property="og:image:height" content="2560" />
	<meta property="og:image:type" content="image/jpeg" />
<meta name="twitter:card" content="summary_large_image" />
<meta name="twitter:label1" content="Durée de lecture estimée" />
	<meta name="twitter:data1" content="1 minute" />
<script type="application/ld+json" class="yoast-schema-graph">{"@context":"https:\/\/schema.org","@graph":[{"@type":"WebPage","@id":"https:\/\/geoparktransmanche.org\/fr\/events\/exposition-les-paysages-carriers-par-pierre-peckeu\/","url":"https:\/\/geoparktransmanche.org\/fr\/events\/exposition-les-paysages-carriers-par-pierre-peckeu\/","name":"Exposition - les paysages carriers par Pierre Peckeu | Geopark Transmanche","isPartOf":{"@id":"https:\/\/geoparktransmanche.org\/fr\/#website"},"primaryImageOfPage":{"@id":"https:\/\/geoparktransmanche.org\/fr\/events\/exposition-les-paysages-carriers-par-pierre-peckeu\/#primaryimage"},"image":{"@id":"https:\/\/geoparktransmanche.org\/fr\/events\/exposition-les-paysages-carriers-par-pierre-peckeu\/#primaryimage"},"thumbnailUrl":"https:\/\/geoparktransmanche.org\/wp-content\/uploads\/2025\/02\/Bassin-carrier-terre-daventure-feed-FB-avec-programme_page-0009-min-1-scaled.jpg","datePublished":"2025-02-17T19:55:25+00:00","breadcrumb":{"@id":"https:\/\/geoparktransmanche.org\/fr\/events\/exposition-les-paysages-carriers-par-pierre-peckeu\/#breadcrumb"},"inLanguage":"fr-FR","potentialAction":[{"@type":"ReadAction","target":["https:\/\/geoparktransmanche.org\/fr\/events\/exposition-les-paysages-carriers-par-pierre-peckeu\/"]}]},{"@type":"ImageObject","inLanguage":"fr-FR","@id":"https:\/\/geoparktransmanche.org\/fr\/events\/exposition-les-paysages-carriers-par-pierre-peckeu\/#primaryimage","url":"https:\/\/geoparktransmanche.org\/wp-content\/uploads\/2025\/02\/Bassin-carrier-terre-daventure-feed-FB-avec-programme_page-0009-min-1-scaled.jpg","contentUrl":"https:\/\/geoparktransmanche.org\/wp-content\/uploads\/2025\/02\/Bassin-carrier-terre-daventure-feed-FB-avec-programme_page-0009-min-1-scaled.jpg","width":2048,"height":2560,"caption":"Bassin Carrier Terre D'aventure Feed FB Avec Programme Page 0009 Min"},{"@type":"BreadcrumbList","@id":"https:\/\/geoparktransmanche.org\/fr\/events\/exposition-les-paysages-carriers-par-pierre-peckeu\/#breadcrumb","itemListElement":[{"@type":"ListItem","position":1,"name":"Domicile","item":"https:\/\/geoparktransmanche.org\/fr\/"},{"@type":"ListItem","position":2,"name":"Agenda","item":"https:\/\/geoparktransmanche.org\/fr\/events\/"},{"@type":"ListItem","position":3,"name":"Exposition &#8211; les paysages carriers par Pierre Peckeu"}]},{"@type":"WebSite","@id":"https:\/\/geoparktransmanche.org\/fr\/#website","url":"https:\/\/geoparktransmanche.org\/fr\/","name":"Geopark Transmanche","description":"","potentialAction":[{"@type":"SearchAction","target":{"@type":"EntryPoint","urlTemplate":"https:\/\/geoparktransmanche.org\/fr\/?s={search_term_string}"},"query-input":{"@type":"PropertyValueSpecification","valueRequired":true,"valueName":"search_term_string"}}],"inLanguage":"fr-FR"}]}</script>
<!-- / Yoast SEO plugin. -->

Aquarelliste bien connu du territoire, Pierre Peckeu, entretient une relation privilégiée avec les Carrières de la Vallée Heureuse. Cette rencontre entre l’artiste, sa pratique et la carrière a donné lieu à la création d’une série conséquente d’œuvres qui témoigne par touches subtiles de la diversité des ambiances du site d’exploitation.
